2*m + 5*m - 2*s + 14 = 0. Let n = m + 14. Let w be (-4)/n + 112/6. What is the highest common factor of w and 9?
9
Let w = 1428 + -1108. What is the highest common divisor of 192 and w?
64
Let j be ((-472)/(-12))/(6/9). Let k be (-6)/30 + 198/(-10). Let p = j + k. Calculate the highest common factor of 13 and p.
13
Let l = 0 + 26. Suppose 12 = 5*q - 6*q - 4*k, -2*k = 3*q - 4. What is the highest common factor of q and l?
2
Let a be 10 + -8 - (1 + 1). Suppose n + 2 + 19 = 4*u, -4*u - n + 19 = a. Let w(c) = 6*c + 18. Let s be w(u). What is the highest common factor of 12 and s?
12
Let f be (-18)/24 + (-53)/4. Let v(y) = -y**2 - 17*y + 6. Let t be v(f). What is the highest common factor of 16 and t?
16
Suppose -19*a = -221 - 159. What is the greatest common factor of a and 840?
20
Suppose 0 = 4*k - 4*j + 28, 4*k - 2*k + 18 = j. Let c = k - -29. Suppose -3*r + 486 = 2*u, 0*r - 5*r + 3*u = -810. What is the highest common factor of r and c?
18
Let m = -17 - -16. Let b be -108*9/6*m. Suppose -4*f = -98 - b. Calculate the highest common divisor of f and 26.
13
Let c be (-588)/(1/(24/16 + -2)). Calculate the highest common factor of 6 and c.
6
Let h = 28 + -26. Let x be h*1*(1 - 366/(-12)). What is the greatest common divisor of 21 and x?
21
Let i(q) = q**2 - q - 18. Let s be i(-6). What is the highest common divisor of s and 18?
6
Suppose 4*v + 17 - 61 = 0. Suppose -v*z - 126 = -20*z. Let d(o) = -112*o. Let x be d(-1). Calculate the highest common factor of z and x.
14
Let n(a) = -54*a - 27. Let j be n(-3). Calculate the greatest common factor of j and 54.
27
Suppose q - 33 = 3*z, -7*q + 4*q + 3*z = -99. Calculate the highest common divisor of 44 and q.
11
Let r be (600/45)/((-3)/(-90)). Calculate the highest common factor of 80 and r.
80
Let f = -1364 + 1394. Let m = 14 + 6. What is the highest common factor of m and f?
10
Let h be 60/((25/5)/(25/10)). What is the highest common divisor of 48 and h?
6
Let q(g) = -g**2 - g + 57. Let m be q(-7). What is the highest common divisor of 405 and m?
15
Let g = 333 - 321. Let x(o) = 27*o + 2. Let d be x(8). Let p be (-2)/9 - d/(-9). What is the greatest common divisor of p and g?
12
Let p = 171 + -136. Let q = 32 - 13. Suppose -4*s = -9 - q. Calculate the greatest common divisor of p and s.
7
Suppose 3*w - 2*i - 17 = 0, 2*w + 2*w - 32 = 5*i. Suppose 2*h + 508 = w*z, h - 2 = 2*h. Calculate the greatest common factor of z and 24.
24
Suppose -3*j - 4 = -5*j. Suppose -4*o + j*o = -v - 21, 2*o + 9 = -v. Let p be v/25 - (-126)/10. Calculate the highest common divisor of p and 84.
12
Suppose -47995 = -28*g + 33065. Calculate the greatest common divisor of g and 15.
15
Let l be ((-132)/55)/(1/(-5)). Let f(w) = 2*w - 22. Let n be f(l). Let h be (4 - 1)*24/n. Calculate the highest common factor of h and 24.
12
Suppose -1264*u + 1280*u = 384. What is the highest common factor of 33 and u?
3
Let w be (-12)/9*66/(-4). Suppose 2*k + 27*a - 25*a - 212 = 0, -3*a = 12. What is the highest common divisor of w and k?
22
Let t be (351/18)/((-1)/(32/(-3))). What is the greatest common factor of t and 26?
26
Let l(r) = -r**3 - 6*r**2 - 3. Let h be l(-6). Let x be ((-32)/12)/(-2*h/(-45)). Calculate the highest common factor of 20 and x.
20
Suppose 13*j = 8*j - 3*z + 1923, -4*z = -2*j + 790. Calculate the greatest common factor of 86 and j.
43
Suppose 2*v = 6*v + 2*j - 194, -4*v + 199 = j. Let a(w) = w + 7. Let d be a(6). Let u = 21 + d. Calculate the highest common factor of v and u.
17
Let k be -5 + 12*(3 - 30/12). Calculate the highest common factor of k and 108.
1
Let x be ((-4)/8 - 0)*-8. Suppose -f - f + 284 = x*n, -138 = -2*n + f. What is the highest common factor of n and 28?
14
Let b(p) = -p**2 + 27*p + 34. Let h be b(21). Calculate the greatest common factor of h and 5.
5
Suppose 644 = -10*s + 14*s. What is the highest common divisor of 69 and s?
23
Let v(c) = -5*c + 1. Let w = -17 - -14. Let k be v(w). Suppose 10*z - 105 = -2*q + 5*z, -4*q + 155 = -z. What is the greatest common factor of k and q?
8
Suppose b = -0*b - x + 83, 3*b - x - 237 = 0. What is the highest common factor of 180 and b?
20
Let x = 32 + -14. Let z = -79 - -103. What is the highest common factor of z and x?
6
Suppose 0 = -4*i - p + 10, 3*i = -i + 4*p. Let h(x) = 36*x**i + 29*x**2 - 16*x**2 + 18*x**2 - 1. Let k be h(1). What is the greatest common factor of k and 6?
6
Let d(h) = -6*h**3 + 4*h + 3. Let m be d(-1). Suppose 9 - 48 = -5*c - g, -2*c + 34 = m*g. Calculate the greatest common factor of c and 7.
7
Suppose -96 = 2*l - 104. Let h be 2/(-8) + 1593/36. Calculate the highest common divisor of h and l.
4
Let z = 312 + -182. Suppose -g + 4*m + 0*m + 30 = 0, m - 51 = -2*g. What is the highest common divisor of z and g?
26
Let a(d) = d**2 + 13*d - 12. Suppose 2*s + 5*m + 28 = 0, 2*s - 2*m = 5*s + 42. Let p be a(s). Suppose 8 = u - p. What is the highest common factor of u and 10?
10
Let a(f) = -f**3 - 11*f**2 + 30*f - 51. Let z be a(-14). What is the highest common factor of z and 13?
13
Let k be -5*(-2)/15*3. Suppose -2*c + j + 1 + 9 = 0, 6 = -k*c - 3*j. Suppose 8*l = c*l + 105. Calculate the greatest common factor of l and 21.
21
Suppose 0 = 3*n - 2*n - 19. Suppose -4*f + n + 41 = 0. Let b(g) = g**3 + 4*g**2 + 3*g - 5. Let q be b(4). What is the greatest common factor of q and f?
15
Let j(t) = t**3 + 20*t**2 + 4*t + 162. Let l be j(-20). Calculate the highest common factor of l and 1066.
82
Let u be (-8 - -31) + (0/(-2) - 1). Suppose 0 = 3*t - 31 + u. Calculate the highest common factor of t and 3.
3
Let f(w) = 18*w**2 + 15*w + 3. Let r be f(-3). What is the greatest common divisor of r and 135?
15
Let v be (-7 + 1)/2 - -7. Let c be (-511)/(-4) - v/(-16). Calculate the greatest common factor of c and 16.
16
Suppose 8*x - 9*x - 185 = 0. Let r = 109 - x. What is the highest common divisor of 42 and r?
42
Let p be (-1)/(135/136 + -1). Let g be 10/(p/(-70) + 2). Suppose -g = -3*m + 5*z, 5*m = 2*z + 120 + 178. What is the greatest common factor of 12 and m?
12
Let t(b) = 50*b**3 + b - 1. Let n be t(1). Suppose 0 = 4*g - 4*w - 20, 0 = 3*g - w - 4*w - 5. What is the greatest common divisor of n and g?
10
Let r be (28/(-84))/(2/(-354)) - 3. What is the greatest common divisor of r and 8?
8
Let b(c) be the first derivative of 20*c**3 - c**2 - 2*c - 2. Suppose -3*u - 15 = -12. Let q be b(u). Calculate the greatest common divisor of 12 and q.
12
Let k = -340 + 333. Let t(l) = 2*l**3 - 2 - 4*l + 0 - 3*l**3 - 7*l**2. Let q be t(k). Calculate the greatest common factor of 13 and q.
13
Let b = -285 - -360. What is the highest common factor of b and 825?
75
Suppose 3*y - 2*o = 386, 357 + 43 = 3*y + 5*o. Calculate the highest common divisor of y and 26.
26
Let q(j) = j**2 - 2*j + 57. Let r be q(14). Calculate the greatest common factor of r and 600.
75
Let o = -136 + 290. What is the greatest common divisor of 11 and o?
11
Let f = 16 + -3. Suppose -t + 2*t - f = 0. Suppose d - t = -10. Calculate the greatest common divisor of d and 15.
3
Suppose 2*p - 105 = -21. Let m = -12 + p. Let n be 1*135*(-66)/(-297). Calculate the greatest common divisor of n and m.
30
Suppose -3*k - 90 = -8*k. Let t = 50 - 149. Let m be (2 + -14)/(6/t). What is the highest common factor of m and k?
18
Let x = 347 - 95. Calculate the highest common divisor of x and 36.
36
Let t be (3 - -1)/(1/7). Let j(q) = -q**2 + 43*q - 61. Let b be j(41). Calculate the greatest common factor of b and t.
7
Suppose -5*y + 298 + 584 = 3*p, 5*y - 878 = -2*p. Suppose y = -2*t - t. Let a = t - -88. What is the highest common factor of 20 and a?
10
Suppose -3*n = -0*n + 138. Let l = n + 111. Let t = 97 - l. Calculate the highest common divisor of 48 and t.
16
Suppose -159 = k + 405. Let m = 320 + k. Let f be m/(-28) - 6/(-21). Calculate the highest common divisor of 3 and f.
3
Suppose -8*j = -335 + 39. Calculate the greatest common divisor of 111 and j.
37
Let l be 13860/(-99)*(-34)/4. What is the highest common divisor of l and 70?
70
Suppose 2*u - 54 = -4*x, -4*x = 40*u - 42*u - 34. Calculate the greatest common factor of x and 11.
11
Let i = -328 - -356. What is the highest common factor of 28 and i?
28
Let v = 31 - 15. Let b(k) = -k**3 - 5*k**2 + 5*k - 2. Let y be b(-6). Calculate the greatest common fact